{"id":77,"date":"2025-06-12T15:30:50","date_gmt":"2025-06-12T13:30:50","guid":{"rendered":"https:\/\/ozeztvpyef-3.meinwp.de\/?page_id=77"},"modified":"2025-07-04T13:18:12","modified_gmt":"2025-07-04T11:18:12","slug":"weg-verwaltung","status":"publish","type":"page","link":"https:\/\/kp-hausverwaltung.de\/?page_id=77","title":{"rendered":"WEG-Verwaltung"},"content":{"rendered":"\t\t<div data-elementor-type=\"wp-page\" data-elementor-id=\"77\" class=\"elementor elementor-77\" data-elementor-post-type=\"page\">\n\t\t\t\t<div class=\"elementor-element elementor-element-d16407b e-con-full e-flex e-con e-parent\" data-id=\"d16407b\" data-element_type=\"container\" data-settings=\"{&quot;background_background&quot;:&quot;classic&quot;,&quot;shape_divider_bottom&quot;:&quot;tilt&quot;}\">\n\t\t\t\t<div class=\"elementor-shape elementor-shape-bottom\" aria-hidden=\"true\" data-negative=\"false\">\n\t\t\t<svg xmlns=\"http:\/\/www.w3.org\/2000\/svg\" viewBox=\"0 0 1000 100\" preserveAspectRatio=\"none\">\n\t<path class=\"elementor-shape-fill\" d=\"M0,6V0h1000v100L0,6z\"\/>\n<\/svg>\t\t<\/div>\n\t\t\t\t<div class=\"elementor-element elementor-element-1dc963b elementor-widget elementor-widget-heading\" data-id=\"1dc963b\" data-element_type=\"widget\" data-widget_type=\"heading.default\">\n\t\t\t\t<div class=\"elementor-widget-container\">\n\t\t\t\t\t<h1 class=\"elementor-heading-title elementor-size-default\">WEG-Verwaltung<\/h1>\t\t\t\t<\/div>\n\t\t\t\t<\/div>\n\t\t\t\t<\/div>\n\t\t<div class=\"elementor-element elementor-element-244f372 e-con-full e-flex e-con e-child\" data-id=\"244f372\" data-element_type=\"container\" data-settings=\"{&quot;background_background&quot;:&quot;classic&quot;}\">\n\t\t\t\t<div class=\"elementor-element elementor-element-b1e4416 elementor-widget elementor-widget-heading\" data-id=\"b1e4416\" data-element_type=\"widget\" data-widget_type=\"heading.default\">\n\t\t\t\t<div class=\"elementor-widget-container\">\n\t\t\t\t\t<h6 class=\"elementor-heading-title elementor-size-default\">Vertrauen Sie auf Erfahrung und Engagement<\/h6>\t\t\t\t<\/div>\n\t\t\t\t<\/div>\n\t\t\t\t<div class=\"elementor-element elementor-element-9c38301 elementor-widget__width-inherit elementor-widget elementor-widget-heading\" data-id=\"9c38301\" data-element_type=\"widget\" data-widget_type=\"heading.default\">\n\t\t\t\t<div class=\"elementor-widget-container\">\n\t\t\t\t\t<h3 class=\"elementor-heading-title elementor-size-default\"> Ihre WEG-Verwaltung in sicheren H\u00e4nden<\/h3>\t\t\t\t<\/div>\n\t\t\t\t<\/div>\n\t\t\t\t<div class=\"elementor-element elementor-element-ecfcae6 elementor-widget elementor-widget-text-editor\" data-id=\"ecfcae6\" data-element_type=\"widget\" data-widget_type=\"text-editor.default\">\n\t\t\t\t<div class=\"elementor-widget-container\">\n\t\t\t\t\t\t\t\t\t<p data-start=\"302\" data-end=\"783\">Seit 2009 betreuen wir erfolgreich Wohnungseigent\u00fcmergemeinschaften verschiedenster Gr\u00f6\u00dfen und Strukturen. Unser Verwaltungsansatz ist l\u00f6sungsorientiert, effizient und partnerschaftlich. Mit \u00fcber 800 betreuten Einheiten im Raum Hannover und Umgebung wissen wir genau, worauf es ankommt. Gerne stehen wir auch Ihrer Gemeinschaft als verl\u00e4sslicher Partner zur Seite.<\/p><p data-start=\"302\" data-end=\"783\">Die Grundlage unserer Arbeit bildet das Wohnungseigentumsgesetz in seiner jeweils aktuellen Fassung. Als zertifizierter Verwalter gem\u00e4\u00df \u00a7\u202f26a WEG garantieren wir Ihnen die ordnungsgem\u00e4\u00dfe und gesetzeskonforme Verwaltung Ihres Gemeinschaftseigentums. Dabei behalten wir nicht nur die rechtlichen Rahmenbedingungen im Blick, sondern auch die praktische Umsetzung \u2013 verst\u00e4ndlich, nachvollziehbar und gut dokumentiert.<\/p>\t\t\t\t\t\t\t\t<\/div>\n\t\t\t\t<\/div>\n\t\t\t\t<\/div>\n\t\t<div class=\"elementor-element elementor-element-c4d9de7 e-flex e-con-boxed e-con e-parent\" data-id=\"c4d9de7\" data-element_type=\"container\">\n\t\t\t\t\t<div class=\"e-con-inner\">\n\t\t<div class=\"elementor-element elementor-element-67bc1ae e-con-full e-flex e-con e-child\" data-id=\"67bc1ae\" data-element_type=\"container\" data-settings=\"{&quot;background_background&quot;:&quot;classic&quot;}\">\n\t\t\t\t<div class=\"elementor-element elementor-element-b900f5f elementor-widget elementor-widget-text-editor\" data-id=\"b900f5f\" data-element_type=\"widget\" data-widget_type=\"text-editor.default\">\n\t\t\t\t<div class=\"elementor-widget-container\">\n\t\t\t\t\t\t\t\t\t<p data-start=\"1419\" data-end=\"1477\">Zu unseren gesetzlichen Kernaufgaben z\u00e4hlen unter anderem:<\/p><ul data-start=\"1479\" data-end=\"1996\"><li data-start=\"1479\" data-end=\"1545\"><p data-start=\"1481\" data-end=\"1545\">Erstellung und Umsetzung eines j\u00e4hrlichen <strong data-start=\"1523\" data-end=\"1543\">Wirtschaftsplans<\/strong><\/p><\/li><li data-start=\"1546\" data-end=\"1634\"><p data-start=\"1548\" data-end=\"1634\">Erstellung der <strong data-start=\"1563\" data-end=\"1583\">Jahresabrechnung<\/strong> \u00fcber die Einnahmen und Ausgaben der Gemeinschaft<\/p><\/li><li data-start=\"1635\" data-end=\"1718\"><p data-start=\"1637\" data-end=\"1718\">Durchf\u00fchrung der ordentlichen und au\u00dferordentlichen <strong data-start=\"1689\" data-end=\"1716\">Eigent\u00fcmerversammlungen<\/strong><\/p><\/li><li data-start=\"1719\" data-end=\"1775\"><p data-start=\"1721\" data-end=\"1775\">Umsetzung von Beschl\u00fcssen der Eigent\u00fcmergemeinschaft<\/p><\/li><li data-start=\"1776\" data-end=\"1857\"><p data-start=\"1778\" data-end=\"1857\">\u00dcberwachung und Vergabe von <strong data-start=\"1806\" data-end=\"1855\">Instandhaltungs- und Instandsetzungsma\u00dfnahmen<\/strong><\/p><\/li><li data-start=\"1858\" data-end=\"1910\"><p data-start=\"1860\" data-end=\"1910\">Verwaltung von R\u00fccklagen und Gemeinschaftskonten<\/p><\/li><li data-start=\"1911\" data-end=\"1996\"><p data-start=\"1913\" data-end=\"1996\">Kommunikation mit Dienstleistern, Versorgern, Versicherungen und Handwerksbetrieben<\/p><\/li><\/ul>\t\t\t\t\t\t\t\t<\/div>\n\t\t\t\t<\/div>\n\t\t\t\t<\/div>\n\t\t<div class=\"elementor-element elementor-element-274625b e-con-full elementor-hidden-mobile e-flex e-con e-child\" data-id=\"274625b\" data-element_type=\"container\" data-settings=\"{&quot;background_background&quot;:&quot;classic&quot;}\">\n\t\t\t\t<\/div>\n\t\t\t\t\t<\/div>\n\t\t\t\t<\/div>\n\t\t<div class=\"elementor-element elementor-element-cff19ad e-con-full e-flex e-con e-parent\" data-id=\"cff19ad\" data-element_type=\"container\" data-settings=\"{&quot;background_background&quot;:&quot;classic&quot;}\">\n\t\t\t\t<\/div>\n\t\t<div class=\"elementor-element elementor-element-cc0b5a1 e-con-full e-flex e-con e-child\" data-id=\"cc0b5a1\" data-element_type=\"container\" data-settings=\"{&quot;background_background&quot;:&quot;classic&quot;}\">\n\t\t\t\t<div class=\"elementor-element elementor-element-e759178 elementor-widget elementor-widget-heading\" data-id=\"e759178\" data-element_type=\"widget\" data-widget_type=\"heading.default\">\n\t\t\t\t<div class=\"elementor-widget-container\">\n\t\t\t\t\t<h6 class=\"elementor-heading-title elementor-size-default\">Wir halten Eigent\u00fcmer informiert \u2013 ehrlich und auf Augenh\u00f6he<\/h6>\t\t\t\t<\/div>\n\t\t\t\t<\/div>\n\t\t\t\t<div class=\"elementor-element elementor-element-a0c7fd1 elementor-widget__width-inherit elementor-widget elementor-widget-heading\" data-id=\"a0c7fd1\" data-element_type=\"widget\" data-widget_type=\"heading.default\">\n\t\t\t\t<div class=\"elementor-widget-container\">\n\t\t\t\t\t<h3 class=\"elementor-heading-title elementor-size-default\">Transparenz und Verl\u00e4sslichkeit in der Kommunikation<\/h3>\t\t\t\t<\/div>\n\t\t\t\t<\/div>\n\t\t\t\t<div class=\"elementor-element elementor-element-e83cd75 elementor-widget elementor-widget-text-editor\" data-id=\"e83cd75\" data-element_type=\"widget\" data-widget_type=\"text-editor.default\">\n\t\t\t\t<div class=\"elementor-widget-container\">\n\t\t\t\t\t\t\t\t\t<p data-start=\"1202\" data-end=\"1595\">Eine erfolgreiche WEG-Verwaltung lebt von einer guten Kommunikation. Wir informieren alle Eigent\u00fcmer rechtzeitig, klar und umfassend \u00fcber anstehende Ma\u00dfnahmen, finanzielle Entwicklungen und wichtige Entscheidungen. Dazu nutzen wir moderne Verwaltungssoftware, digitale Schnittstellen und \u2013 wenn gew\u00fcnscht \u2013 auch pers\u00f6nliche Gespr\u00e4che oder Eigent\u00fcmersprechstunden. Unsere Eigent\u00fcmerversammlungen sind strukturiert vorbereitet und effizient moderiert \u2013 so entsteht Klarheit, auch bei komplexen Themen.<\/p>\t\t\t\t\t\t\t\t<\/div>\n\t\t\t\t<\/div>\n\t\t\t\t<\/div>\n\t\t<div class=\"elementor-element elementor-element-ae3898f e-con-full e-flex e-con e-parent\" data-id=\"ae3898f\" data-element_type=\"container\" data-settings=\"{&quot;background_background&quot;:&quot;classic&quot;}\">\n\t\t\t\t<\/div>\n\t\t<div class=\"elementor-element elementor-element-4277c1e e-con-full e-flex e-con e-child\" data-id=\"4277c1e\" data-element_type=\"container\" data-settings=\"{&quot;background_background&quot;:&quot;classic&quot;}\">\n\t\t\t\t<div class=\"elementor-element elementor-element-b0a55d5 elementor-widget elementor-widget-heading\" data-id=\"b0a55d5\" data-element_type=\"widget\" data-widget_type=\"heading.default\">\n\t\t\t\t<div class=\"elementor-widget-container\">\n\t\t\t\t\t<h6 class=\"elementor-heading-title elementor-size-default\">Werterhalt und Sicherheit f\u00fcr Ihr Gemeinschaftseigentum<\/h6>\t\t\t\t<\/div>\n\t\t\t\t<\/div>\n\t\t\t\t<div class=\"elementor-element elementor-element-c5a5ac6 elementor-widget__width-inherit elementor-widget elementor-widget-heading\" data-id=\"c5a5ac6\" data-element_type=\"widget\" data-widget_type=\"heading.default\">\n\t\t\t\t<div class=\"elementor-widget-container\">\n\t\t\t\t\t<h3 class=\"elementor-heading-title elementor-size-default\">Technische Verwaltung mit Weitblick<\/h3>\t\t\t\t<\/div>\n\t\t\t\t<\/div>\n\t\t\t\t<\/div>\n\t\t<div class=\"elementor-element elementor-element-8dcde68 e-flex e-con-boxed e-con e-parent\" data-id=\"8dcde68\" data-element_type=\"container\">\n\t\t\t\t\t<div class=\"e-con-inner\">\n\t\t<div class=\"elementor-element elementor-element-3e40d39 e-con-full e-flex e-con e-child\" data-id=\"3e40d39\" data-element_type=\"container\" data-settings=\"{&quot;background_background&quot;:&quot;classic&quot;}\">\n\t\t\t\t<\/div>\n\t\t<div class=\"elementor-element elementor-element-fce1f76 e-con-full e-flex e-con e-child\" data-id=\"fce1f76\" data-element_type=\"container\" data-settings=\"{&quot;background_background&quot;:&quot;classic&quot;}\">\n\t\t\t\t<div class=\"elementor-element elementor-element-0f68e2f elementor-widget elementor-widget-text-editor\" data-id=\"0f68e2f\" data-element_type=\"widget\" data-widget_type=\"text-editor.default\">\n\t\t\t\t<div class=\"elementor-widget-container\">\n\t\t\t\t\t\t\t\t\t<p data-start=\"287\" data-end=\"758\">Ob Dach, Fassade, Heizungsanlage, Aufzug oder gemeinschaftliche Au\u00dfenanlagen: Als Ihre WEG-Verwaltung \u00fcbernehmen wir die vollst\u00e4ndige Verantwortung f\u00fcr die technische Betreuung und den Erhalt aller gemeinschaftlichen Bauteile und Anlagen. Ziel ist es, die Immobilie dauerhaft in einem ordnungsgem\u00e4\u00dfen, sicheren und funktionalen Zustand zu halten \u2013 nicht nur im Sinne der Verkehrssicherungspflicht, sondern auch mit Blick auf langfristigen Werterhalt und Energieeffizienz.<\/p><p data-start=\"760\" data-end=\"1114\">Wir arbeiten ausschlie\u00dflich mit qualifizierten und bew\u00e4hrten Handwerks- und Dienstleistungspartnern zusammen, die unsere hohen Anspr\u00fcche an Qualit\u00e4t, Verl\u00e4sslichkeit und Termintreue erf\u00fcllen. Dabei legen wir gro\u00dfen Wert auf <strong data-start=\"984\" data-end=\"1021\">wirtschaftlich sinnvolle L\u00f6sungen<\/strong>, die technische Notwendigkeit, Nachhaltigkeit und Kostentransparenz miteinander verbinden.<\/p>\t\t\t\t\t\t\t\t<\/div>\n\t\t\t\t<\/div>\n\t\t\t\t<\/div>\n\t\t\t\t\t<\/div>\n\t\t\t\t<\/div>\n\t\t<div class=\"elementor-element elementor-element-8c642e2 e-flex e-con-boxed e-con e-parent\" data-id=\"8c642e2\" data-element_type=\"container\">\n\t\t\t\t\t<div class=\"e-con-inner\">\n\t\t<div class=\"elementor-element elementor-element-75727d9 e-con-full e-flex e-con e-child\" data-id=\"75727d9\" data-element_type=\"container\" data-settings=\"{&quot;background_background&quot;:&quot;classic&quot;}\">\n\t\t\t\t<div class=\"elementor-element elementor-element-99a80cc elementor-widget elementor-widget-text-editor\" data-id=\"99a80cc\" data-element_type=\"widget\" data-widget_type=\"text-editor.default\">\n\t\t\t\t<div class=\"elementor-widget-container\">\n\t\t\t\t\t\t\t\t\t<p data-start=\"1116\" data-end=\"1168\">Zur laufenden Objektbetreuung geh\u00f6ren unter anderem:<\/p><ul data-start=\"1170\" data-end=\"1910\"><li data-start=\"1170\" data-end=\"1267\"><p data-start=\"1172\" data-end=\"1267\"><strong data-start=\"1172\" data-end=\"1204\">Regelm\u00e4\u00dfige Objektbegehungen<\/strong> zur fr\u00fchzeitigen Erkennung von M\u00e4ngeln oder Sanierungsbedarf<\/p><\/li><li data-start=\"1268\" data-end=\"1428\"><p data-start=\"1270\" data-end=\"1428\">Erstellung und Pflege von <strong data-start=\"1296\" data-end=\"1324\">Wartungs- und Pr\u00fcfpl\u00e4nen<\/strong> f\u00fcr technische Anlagen (z.\u202fB. Heizung, Aufz\u00fcge, Brandmeldeanlagen, Trinkwasserhygiene gem\u00e4\u00df VDI 6023)<\/p><\/li><li data-start=\"1429\" data-end=\"1579\"><p data-start=\"1431\" data-end=\"1579\"><strong data-start=\"1431\" data-end=\"1472\">Einholung und Vergleich von Angeboten<\/strong> f\u00fcr Reparaturen und Sanierungen mit vorheriger Abstimmung mit dem Verwaltungsbeirat bzw. den Eigent\u00fcmern<\/p><\/li><li data-start=\"1580\" data-end=\"1694\"><p data-start=\"1582\" data-end=\"1694\"><strong data-start=\"1582\" data-end=\"1632\">\u00dcberwachung von Dienstleistern und Handwerkern<\/strong>, einschlie\u00dflich Abnahme der Leistungen und Rechnungspr\u00fcfung<\/p><\/li><li data-start=\"1695\" data-end=\"1812\"><p data-start=\"1697\" data-end=\"1812\">Koordination von gesetzlich vorgeschriebenen <strong data-start=\"1742\" data-end=\"1766\">Sicherheitspr\u00fcfungen<\/strong>, z.\u202fB. Aufzugspr\u00fcfung, Blitzschutz, E-Check<\/p><\/li><li data-start=\"1813\" data-end=\"1910\"><p data-start=\"1815\" data-end=\"1910\">Dokumentation aller Ma\u00dfnahmen und Weitergabe relevanter Informationen an Eigent\u00fcmer und Beir\u00e4te<\/p><\/li><\/ul>\t\t\t\t\t\t\t\t<\/div>\n\t\t\t\t<\/div>\n\t\t\t\t<\/div>\n\t\t<div class=\"elementor-element elementor-element-e9c7520 e-con-full e-flex e-con e-child\" data-id=\"e9c7520\" data-element_type=\"container\" data-settings=\"{&quot;background_background&quot;:&quot;classic&quot;}\">\n\t\t\t\t<\/div>\n\t\t\t\t\t<\/div>\n\t\t\t\t<\/div>\n\t\t<div class=\"elementor-element elementor-element-aa92afb e-con-full e-flex e-con e-child\" data-id=\"aa92afb\" data-element_type=\"container\" data-settings=\"{&quot;background_background&quot;:&quot;classic&quot;}\">\n\t\t\t\t<div class=\"elementor-element elementor-element-8103c22 elementor-widget elementor-widget-text-editor\" data-id=\"8103c22\" data-element_type=\"widget\" data-widget_type=\"text-editor.default\">\n\t\t\t\t<div class=\"elementor-widget-container\">\n\t\t\t\t\t\t\t\t\t<p data-start=\"1912\" data-end=\"2243\">Dar\u00fcber hinaus unterst\u00fctzen wir Eigent\u00fcmergemeinschaften bei der <strong data-start=\"1977\" data-end=\"2017\">strategischen Instandhaltungsplanung<\/strong>. So lassen sich gr\u00f6\u00dfere Ma\u00dfnahmen wie Dachsanierungen, Fassadenmodernisierungen oder energetische Verbesserungen rechtzeitig erkennen, planen und finanzieren \u2013 etwa durch angepasste R\u00fccklagenbildung oder F\u00f6rdermittelberatung.<\/p><p data-start=\"2245\" data-end=\"2595\" data-is-last-node=\"\" data-is-only-node=\"\">Unser technisches Verwaltungsverst\u00e4ndnis geht dabei \u00fcber reine Schadensbeseitigung hinaus: Wir denken vorausschauend, handeln strukturiert und behalten sowohl die <strong data-start=\"2408\" data-end=\"2437\">wirtschaftliche Belastung<\/strong> der Eigent\u00fcmer als auch die <strong data-start=\"2466\" data-end=\"2489\">nachhaltige Nutzung<\/strong> der Immobilie im Blick. So entsteht echte Werterhaltung \u2013 zuverl\u00e4ssig, nachvollziehbar und professionell.<\/p>\t\t\t\t\t\t\t\t<\/div>\n\t\t\t\t<\/div>\n\t\t\t\t<\/div>\n\t\t<div class=\"elementor-element elementor-element-cc9d358 e-con-full e-flex e-con e-parent\" data-id=\"cc9d358\" data-element_type=\"container\" data-settings=\"{&quot;background_background&quot;:&quot;classic&quot;}\">\n\t\t\t\t<\/div>\n\t\t<div class=\"elementor-element elementor-element-a6cceb7 e-con-full e-flex e-con e-child\" data-id=\"a6cceb7\" data-element_type=\"container\" data-settings=\"{&quot;background_background&quot;:&quot;classic&quot;}\">\n\t\t\t\t<div class=\"elementor-element elementor-element-44424cb elementor-widget elementor-widget-heading\" data-id=\"44424cb\" data-element_type=\"widget\" data-widget_type=\"heading.default\">\n\t\t\t\t<div class=\"elementor-widget-container\">\n\t\t\t\t\t<h6 class=\"elementor-heading-title elementor-size-default\">Finanzielle Klarheit durch strukturierte Abrechnungen<\/h6>\t\t\t\t<\/div>\n\t\t\t\t<\/div>\n\t\t\t\t<div class=\"elementor-element elementor-element-2d2c2f9 elementor-widget__width-inherit elementor-widget elementor-widget-heading\" data-id=\"2d2c2f9\" data-element_type=\"widget\" data-widget_type=\"heading.default\">\n\t\t\t\t<div class=\"elementor-widget-container\">\n\t\t\t\t\t<h3 class=\"elementor-heading-title elementor-size-default\">Zahlen, auf die Sie sich verlassen k\u00f6nnen<\/h3>\t\t\t\t<\/div>\n\t\t\t\t<\/div>\n\t\t\t\t<div class=\"elementor-element elementor-element-fab7872 elementor-widget elementor-widget-text-editor\" data-id=\"fab7872\" data-element_type=\"widget\" data-widget_type=\"text-editor.default\">\n\t\t\t\t<div class=\"elementor-widget-container\">\n\t\t\t\t\t\t\t\t\t<p data-start=\"302\" data-end=\"783\">Ein zentraler Bestandteil unserer WEG-Verwaltung ist die <strong data-start=\"3359\" data-end=\"3405\">Erstellung des j\u00e4hrlichen Wirtschaftsplans<\/strong> sowie die <strong data-start=\"3416\" data-end=\"3451\">Erstellung der Jahresabrechnung<\/strong>. Dabei legen wir besonderen Wert auf eine nachvollziehbare Darstellung aller Einnahmen und Ausgaben. Unsere Abrechnungen sind pr\u00fcff\u00e4hig, \u00fcbersichtlich und werden auf Wunsch gerne auch pers\u00f6nlich erl\u00e4utert \u2013 etwa bei Eigent\u00fcmerversammlungen oder individuellen R\u00fcckfragen.<\/p><p data-start=\"302\" data-end=\"783\">Was uns als Hausverwaltung besonders macht, ist unsere N\u00e4he zu den Eigent\u00fcmern und unser pragmatischer Umgang mit Herausforderungen. Wir setzen auf pers\u00f6nliche Erreichbarkeit, schnelle Reaktion im Ernstfall und ein kooperatives Miteinander. Bei uns bekommen Sie keine anonyme Verwaltung, sondern feste Ansprechpartner, die Ihre Immobilie und Ihre Anliegen kennen.<\/p>\t\t\t\t\t\t\t\t<\/div>\n\t\t\t\t<\/div>\n\t\t\t\t<\/div>\n\t\t\t\t<\/div>\n\t\t","protected":false},"excerpt":{"rendered":"<p>WEG-Verwaltung Vertrauen Sie auf Erfahrung und Engagement Ihre WEG-Verwaltung in sicheren H\u00e4nden Seit 2009 betreuen wir erfolgreich Wohnungseigent\u00fcmergemeinschaften verschiedenster Gr\u00f6\u00dfen und Strukturen. Unser Verwaltungsansatz ist l\u00f6sungsorientiert, effizient und partnerschaftlich. Mit \u00fcber 800 betreuten Einheiten im Raum Hannover und Umgebung wissen wir genau, worauf es ankommt. Gerne stehen wir auch Ihrer Gemeinschaft als verl\u00e4sslicher Partner zur [&hellip;]<\/p>\n","protected":false},"author":1,"featured_media":0,"parent":0,"menu_order":0,"comment_status":"closed","ping_status":"closed","template":"","meta":{"content-type":"","footnotes":""},"class_list":["post-77","page","type-page","status-publish","hentry"],"_links":{"self":[{"href":"https:\/\/kp-hausverwaltung.de\/index.php?rest_route=\/wp\/v2\/pages\/77","targetHints":{"allow":["GET"]}}],"collection":[{"href":"https:\/\/kp-hausverwaltung.de\/index.php?rest_route=\/wp\/v2\/pages"}],"about":[{"href":"https:\/\/kp-hausverwaltung.de\/index.php?rest_route=\/wp\/v2\/types\/page"}],"author":[{"embeddable":true,"href":"https:\/\/kp-hausverwaltung.de\/index.php?rest_route=\/wp\/v2\/users\/1"}],"replies":[{"embeddable":true,"href":"https:\/\/kp-hausverwaltung.de\/index.php?rest_route=%2Fwp%2Fv2%2Fcomments&post=77"}],"version-history":[{"count":6,"href":"https:\/\/kp-hausverwaltung.de\/index.php?rest_route=\/wp\/v2\/pages\/77\/revisions"}],"predecessor-version":[{"id":208,"href":"https:\/\/kp-hausverwaltung.de\/index.php?rest_route=\/wp\/v2\/pages\/77\/revisions\/208"}],"wp:attachment":[{"href":"https:\/\/kp-hausverwaltung.de\/index.php?rest_route=%2Fwp%2Fv2%2Fmedia&parent=77"}],"curies":[{"name":"wp","href":"https:\/\/api.w.org\/{rel}","templated":true}]}}