{"id":67,"date":"2025-06-12T14:59:44","date_gmt":"2025-06-12T12:59:44","guid":{"rendered":"https:\/\/ozeztvpyef-3.meinwp.de\/?page_id=67"},"modified":"2025-07-04T10:46:43","modified_gmt":"2025-07-04T08:46:43","slug":"team","status":"publish","type":"page","link":"https:\/\/kp-hausverwaltung.de\/?page_id=67","title":{"rendered":"Team"},"content":{"rendered":"\t\t<div data-elementor-type=\"wp-page\" data-elementor-id=\"67\" class=\"elementor elementor-67\" data-elementor-post-type=\"page\">\n\t\t\t\t<div class=\"elementor-element elementor-element-d16407b e-con-full e-flex e-con e-parent\" data-id=\"d16407b\" data-element_type=\"container\" data-settings=\"{&quot;background_background&quot;:&quot;classic&quot;,&quot;shape_divider_bottom&quot;:&quot;tilt&quot;}\">\n\t\t\t\t<div class=\"elementor-shape elementor-shape-bottom\" aria-hidden=\"true\" data-negative=\"false\">\n\t\t\t<svg xmlns=\"http:\/\/www.w3.org\/2000\/svg\" viewBox=\"0 0 1000 100\" preserveAspectRatio=\"none\">\n\t<path class=\"elementor-shape-fill\" d=\"M0,6V0h1000v100L0,6z\"\/>\n<\/svg>\t\t<\/div>\n\t\t\t\t<div class=\"elementor-element elementor-element-1dc963b elementor-widget elementor-widget-heading\" data-id=\"1dc963b\" data-element_type=\"widget\" data-widget_type=\"heading.default\">\n\t\t\t\t<div class=\"elementor-widget-container\">\n\t\t\t\t\t<h1 class=\"elementor-heading-title elementor-size-default\">Unser Team<\/h1>\t\t\t\t<\/div>\n\t\t\t\t<\/div>\n\t\t\t\t<\/div>\n\t\t<div class=\"elementor-element elementor-element-244f372 e-con-full e-flex e-con e-child\" data-id=\"244f372\" data-element_type=\"container\" data-settings=\"{&quot;background_background&quot;:&quot;classic&quot;}\">\n\t\t\t\t<div class=\"elementor-element elementor-element-b1e4416 elementor-widget elementor-widget-heading\" data-id=\"b1e4416\" data-element_type=\"widget\" data-widget_type=\"heading.default\">\n\t\t\t\t<div class=\"elementor-widget-container\">\n\t\t\t\t\t<h6 class=\"elementor-heading-title elementor-size-default\">Pers\u00f6nlich. Kompetent. L\u00f6sungsorientiert.<\/h6>\t\t\t\t<\/div>\n\t\t\t\t<\/div>\n\t\t\t\t<div class=\"elementor-element elementor-element-9c38301 elementor-widget__width-inherit elementor-widget elementor-widget-heading\" data-id=\"9c38301\" data-element_type=\"widget\" data-widget_type=\"heading.default\">\n\t\t\t\t<div class=\"elementor-widget-container\">\n\t\t\t\t\t<h3 class=\"elementor-heading-title elementor-size-default\">Engagiert und pers\u00f6nlich f\u00fcr Sie da<\/h3>\t\t\t\t<\/div>\n\t\t\t\t<\/div>\n\t\t\t\t<div class=\"elementor-element elementor-element-ecfcae6 elementor-widget elementor-widget-text-editor\" data-id=\"ecfcae6\" data-element_type=\"widget\" data-widget_type=\"text-editor.default\">\n\t\t\t\t<div class=\"elementor-widget-container\">\n\t\t\t\t\t\t\t\t\t<p data-start=\"245\" data-end=\"590\">Hinter der <strong data-start=\"256\" data-end=\"300\">Koenemann &amp; P\u00fcttcher Hausverwaltung GmbH<\/strong> steht ein erfahrenes, eingespieltes Team, das sich mit Fachwissen, Einsatzfreude und einem offenen Ohr um Ihre Anliegen k\u00fcmmert. Ob WEG-Verwaltung, Mietmanagement oder Sondereigentumsbetreuung \u2013 wir arbeiten l\u00f6sungsorientiert, transparent und mit einem hohen Anspruch an Servicequalit\u00e4t.<\/p><p data-start=\"592\" data-end=\"890\">Unsere Mitarbeiterinnen und Mitarbeiter bringen nicht nur die n\u00f6tige Expertise mit, sondern auch das Verst\u00e4ndnis f\u00fcr die individuellen Bed\u00fcrfnisse unserer Eigent\u00fcmer und Mieter. Lernen Sie hier die Menschen kennen, die t\u00e4glich daran arbeiten, Immobilien zuverl\u00e4ssig und zukunftssicher zu verwalten.<\/p>\t\t\t\t\t\t\t\t<\/div>\n\t\t\t\t<\/div>\n\t\t\t\t<\/div>\n\t\t<div class=\"elementor-element elementor-element-cff19ad e-con-full e-flex e-con e-parent\" data-id=\"cff19ad\" data-element_type=\"container\" data-settings=\"{&quot;background_background&quot;:&quot;classic&quot;}\">\n\t\t\t\t<\/div>\n\t\t<div class=\"elementor-element elementor-element-cc0b5a1 e-con-full e-flex e-con e-child\" data-id=\"cc0b5a1\" data-element_type=\"container\" data-settings=\"{&quot;background_background&quot;:&quot;classic&quot;}\">\n\t\t\t\t<div class=\"elementor-element elementor-element-e759178 elementor-widget elementor-widget-heading\" data-id=\"e759178\" data-element_type=\"widget\" data-widget_type=\"heading.default\">\n\t\t\t\t<div class=\"elementor-widget-container\">\n\t\t\t\t\t<h6 class=\"elementor-heading-title elementor-size-default\">Ihre Ansprechpartner auf einen Blick<\/h6>\t\t\t\t<\/div>\n\t\t\t\t<\/div>\n\t\t\t\t<div class=\"elementor-element elementor-element-a0c7fd1 elementor-widget__width-inherit elementor-widget elementor-widget-heading\" data-id=\"a0c7fd1\" data-element_type=\"widget\" data-widget_type=\"heading.default\">\n\t\t\t\t<div class=\"elementor-widget-container\">\n\t\t\t\t\t<h3 class=\"elementor-heading-title elementor-size-default\">Verwaltung ist Vertrauenssache <br> wir stellen uns vor<\/h3>\t\t\t\t<\/div>\n\t\t\t\t<\/div>\n\t\t\t\t<\/div>\n\t\t<div class=\"elementor-element elementor-element-244acd2 e-flex e-con-boxed e-con e-parent\" data-id=\"244acd2\" data-element_type=\"container\">\n\t\t\t\t\t<div class=\"e-con-inner\">\n\t\t<div class=\"elementor-element elementor-element-477c468 e-con-full e-flex e-con e-child\" data-id=\"477c468\" data-element_type=\"container\">\n\t\t\t\t<div class=\"elementor-element elementor-element-6329cde elementor-widget elementor-widget-premium-addon-person\" data-id=\"6329cde\" data-element_type=\"widget\" data-widget_type=\"premium-addon-person.default\">\n\t\t\t\t<div class=\"elementor-widget-container\">\n\t\t\t\t\t\t\t<div class=\"premium-persons-container premium-person-style2\">\n\t\t\t\t\t\t<div class=\"premium-person-container premium-person-zoomin-effect\">\n\n\t\t\t\t<div class=\"premium-person-image-container\">\n\t\t\t\t\t<img fetchpriority=\"high\" decoding=\"async\" width=\"1024\" height=\"1024\" src=\"https:\/\/kp-hausverwaltung.de\/wp-content\/uploads\/2025\/07\/Peter.jpeg\" class=\"attachment-full size-full wp-image-155\" alt=\"\" srcset=\"https:\/\/kp-hausverwaltung.de\/wp-content\/uploads\/2025\/07\/Peter.jpeg 1024w, https:\/\/kp-hausverwaltung.de\/wp-content\/uploads\/2025\/07\/Peter-300x300.jpeg 300w, https:\/\/kp-hausverwaltung.de\/wp-content\/uploads\/2025\/07\/Peter-150x150.jpeg 150w, https:\/\/kp-hausverwaltung.de\/wp-content\/uploads\/2025\/07\/Peter-768x768.jpeg 768w\" sizes=\"(max-width: 1024px) 100vw, 1024px\" \/>\n\t\t\t\t\t\t\t\t\t\t\t<div class=\"premium-person-social\">\n\t\t\t\t\t\t\t<ul class=\"premium-person-social-list\">\t\t\t\t<li class=\"elementor-icon premium-person-list-item premium-person-mail\">\n\t\t\t\t\t<a href=\"\" target=\"_blank\">\n\t\t\t\t\t\t<i class=\"fa fa-envelope\"><\/i>\n\t\t\t\t\t<\/a>\n\t\t\t\t<\/li>\n\t\t\t\t<\/ul>\t\t\t\t\t\t<\/div>\n\t\t\t\t\t\t\t\t\t<\/div>\n\t\t\t\t<div class=\"premium-person-info\">\n\t\t\t\t\t\t\t\t<div class=\"premium-person-info-container\">\n\t\t\t\t\t\t\t\t\t<h2 class=\"premium-person-name\">Peter Koenemann<\/h2>\t\t\t\t\t\t\t\t\t\t<h4 class=\"premium-person-title\">\n\t\t\t\t\t\t\t<span>Gesch\u00e4ftsf\u00fchrer <\/span>\n\t\t\t\t\t\t<\/h4>\n\t\t\t\t\t\t\t\t\t\t\t<div class=\"premium-person-content\">\n\t\t\t\t\t\t\t<p>Objektbetreuer, Zust\u00e4ndig f\u00fcr die Angebotserstellung<\/p>\t\t\t\t\t\t<\/div>\n\t\t\t\t\t\t\t\t<\/div>\n\t\t\t\t\t\t\t<\/div>\n\t\t\t<\/div>\n\t\t\t\t\t\t<\/div>\n\t\t\t\t\t\t<\/div>\n\t\t\t\t<\/div>\n\t\t\t\t<\/div>\n\t\t<div class=\"elementor-element elementor-element-d3a4db6 e-con-full e-flex e-con e-child\" data-id=\"d3a4db6\" data-element_type=\"container\">\n\t\t\t\t<div class=\"elementor-element elementor-element-eee9e77 elementor-widget elementor-widget-premium-addon-person\" data-id=\"eee9e77\" data-element_type=\"widget\" data-widget_type=\"premium-addon-person.default\">\n\t\t\t\t<div class=\"elementor-widget-container\">\n\t\t\t\t\t\t\t<div class=\"premium-persons-container premium-person-style2\">\n\t\t\t\t\t\t<div class=\"premium-person-container premium-person-zoomin-effect\">\n\n\t\t\t\t<div class=\"premium-person-image-container\">\n\t\t\t\t\t<img decoding=\"async\" width=\"1024\" height=\"1024\" src=\"https:\/\/kp-hausverwaltung.de\/wp-content\/uploads\/2025\/07\/Judith.jpeg\" class=\"attachment-full size-full wp-image-153\" alt=\"\" srcset=\"https:\/\/kp-hausverwaltung.de\/wp-content\/uploads\/2025\/07\/Judith.jpeg 1024w, https:\/\/kp-hausverwaltung.de\/wp-content\/uploads\/2025\/07\/Judith-300x300.jpeg 300w, https:\/\/kp-hausverwaltung.de\/wp-content\/uploads\/2025\/07\/Judith-150x150.jpeg 150w, https:\/\/kp-hausverwaltung.de\/wp-content\/uploads\/2025\/07\/Judith-768x768.jpeg 768w\" sizes=\"(max-width: 1024px) 100vw, 1024px\" \/>\n\t\t\t\t\t\t\t\t\t\t\t<div class=\"premium-person-social\">\n\t\t\t\t\t\t\t<ul class=\"premium-person-social-list\">\t\t\t\t<li class=\"elementor-icon premium-person-list-item premium-person-mail\">\n\t\t\t\t\t<a href=\"\" target=\"_blank\">\n\t\t\t\t\t\t<i class=\"fa fa-envelope\"><\/i>\n\t\t\t\t\t<\/a>\n\t\t\t\t<\/li>\n\t\t\t\t<\/ul>\t\t\t\t\t\t<\/div>\n\t\t\t\t\t\t\t\t\t<\/div>\n\t\t\t\t<div class=\"premium-person-info\">\n\t\t\t\t\t\t\t\t<div class=\"premium-person-info-container\">\n\t\t\t\t\t\t\t\t\t<h2 class=\"premium-person-name\">Judith Gleue<\/h2>\t\t\t\t\t\t\t\t\t\t<h4 class=\"premium-person-title\">\n\t\t\t\t\t\t\t<span>B\u00fcroleitung<\/span>\n\t\t\t\t\t\t<\/h4>\n\t\t\t\t\t\t\t\t\t\t\t<div class=\"premium-person-content\">\n\t\t\t\t\t\t\t<p>Zust\u00e4ndig <br \/>f\u00fcr die Buchhaltung<\/p>\t\t\t\t\t\t<\/div>\n\t\t\t\t\t\t\t\t<\/div>\n\t\t\t\t\t\t\t<\/div>\n\t\t\t<\/div>\n\t\t\t\t\t\t<\/div>\n\t\t\t\t\t\t<\/div>\n\t\t\t\t<\/div>\n\t\t\t\t<\/div>\n\t\t<div class=\"elementor-element elementor-element-2a69957 e-con-full e-flex e-con e-child\" data-id=\"2a69957\" data-element_type=\"container\">\n\t\t\t\t<div class=\"elementor-element elementor-element-7eac086 elementor-widget elementor-widget-premium-addon-person\" data-id=\"7eac086\" data-element_type=\"widget\" data-widget_type=\"premium-addon-person.default\">\n\t\t\t\t<div class=\"elementor-widget-container\">\n\t\t\t\t\t\t\t<div class=\"premium-persons-container premium-person-style2\">\n\t\t\t\t\t\t<div class=\"premium-person-container premium-person-zoomin-effect\">\n\n\t\t\t\t<div class=\"premium-person-image-container\">\n\t\t\t\t\t<img decoding=\"async\" width=\"1024\" height=\"1024\" src=\"https:\/\/kp-hausverwaltung.de\/wp-content\/uploads\/2025\/07\/Tobias.jpeg\" class=\"attachment-full size-full wp-image-156\" alt=\"\" srcset=\"https:\/\/kp-hausverwaltung.de\/wp-content\/uploads\/2025\/07\/Tobias.jpeg 1024w, https:\/\/kp-hausverwaltung.de\/wp-content\/uploads\/2025\/07\/Tobias-300x300.jpeg 300w, https:\/\/kp-hausverwaltung.de\/wp-content\/uploads\/2025\/07\/Tobias-150x150.jpeg 150w, https:\/\/kp-hausverwaltung.de\/wp-content\/uploads\/2025\/07\/Tobias-768x768.jpeg 768w\" sizes=\"(max-width: 1024px) 100vw, 1024px\" \/>\n\t\t\t\t\t\t\t\t\t\t\t<div class=\"premium-person-social\">\n\t\t\t\t\t\t\t<ul class=\"premium-person-social-list\">\t\t\t\t<li class=\"elementor-icon premium-person-list-item premium-person-mail\">\n\t\t\t\t\t<a href=\"\" target=\"_blank\">\n\t\t\t\t\t\t<i class=\"fa fa-envelope\"><\/i>\n\t\t\t\t\t<\/a>\n\t\t\t\t<\/li>\n\t\t\t\t<\/ul>\t\t\t\t\t\t<\/div>\n\t\t\t\t\t\t\t\t\t<\/div>\n\t\t\t\t<div class=\"premium-person-info\">\n\t\t\t\t\t\t\t\t<div class=\"premium-person-info-container\">\n\t\t\t\t\t\t\t\t\t<h2 class=\"premium-person-name\">Tobias Milz<\/h2>\t\t\t\t\t\t\t\t\t\t<h4 class=\"premium-person-title\">\n\t\t\t\t\t\t\t<span>Objektbetreuer<\/span>\n\t\t\t\t\t\t<\/h4>\n\t\t\t\t\t\t\t\t\t\t\t<div class=\"premium-person-content\">\n\t\t\t\t\t\t\t<p>Objektbetreuer, Zust\u00e4ndig f\u00fcr die Buchhaltung<\/p>\t\t\t\t\t\t<\/div>\n\t\t\t\t\t\t\t\t<\/div>\n\t\t\t\t\t\t\t<\/div>\n\t\t\t<\/div>\n\t\t\t\t\t\t<\/div>\n\t\t\t\t\t\t<\/div>\n\t\t\t\t<\/div>\n\t\t\t\t<\/div>\n\t\t\t\t\t<\/div>\n\t\t\t\t<\/div>\n\t\t<div class=\"elementor-element elementor-element-0f6cf19 e-flex e-con-boxed e-con e-parent\" data-id=\"0f6cf19\" data-element_type=\"container\">\n\t\t\t\t\t<div class=\"e-con-inner\">\n\t\t<div class=\"elementor-element elementor-element-b547400 e-con-full e-flex e-con e-child\" data-id=\"b547400\" data-element_type=\"container\">\n\t\t\t\t<div class=\"elementor-element elementor-element-7bd2575 elementor-widget elementor-widget-premium-addon-person\" data-id=\"7bd2575\" data-element_type=\"widget\" data-widget_type=\"premium-addon-person.default\">\n\t\t\t\t<div class=\"elementor-widget-container\">\n\t\t\t\t\t\t\t<div class=\"premium-persons-container premium-person-style2\">\n\t\t\t\t\t\t<div class=\"premium-person-container premium-person-zoomin-effect\">\n\n\t\t\t\t<div class=\"premium-person-image-container\">\n\t\t\t\t\t<img loading=\"lazy\" decoding=\"async\" width=\"1024\" height=\"1024\" src=\"https:\/\/kp-hausverwaltung.de\/wp-content\/uploads\/2025\/07\/Laura.jpeg\" class=\"attachment-full size-full wp-image-154\" alt=\"\" srcset=\"https:\/\/kp-hausverwaltung.de\/wp-content\/uploads\/2025\/07\/Laura.jpeg 1024w, https:\/\/kp-hausverwaltung.de\/wp-content\/uploads\/2025\/07\/Laura-300x300.jpeg 300w, https:\/\/kp-hausverwaltung.de\/wp-content\/uploads\/2025\/07\/Laura-150x150.jpeg 150w, https:\/\/kp-hausverwaltung.de\/wp-content\/uploads\/2025\/07\/Laura-768x768.jpeg 768w\" sizes=\"(max-width: 1024px) 100vw, 1024px\" \/>\n\t\t\t\t\t\t\t\t\t\t\t<div class=\"premium-person-social\">\n\t\t\t\t\t\t\t<ul class=\"premium-person-social-list\">\t\t\t\t<li class=\"elementor-icon premium-person-list-item premium-person-mail\">\n\t\t\t\t\t<a href=\"\" target=\"_blank\">\n\t\t\t\t\t\t<i class=\"fa fa-envelope\"><\/i>\n\t\t\t\t\t<\/a>\n\t\t\t\t<\/li>\n\t\t\t\t<\/ul>\t\t\t\t\t\t<\/div>\n\t\t\t\t\t\t\t\t\t<\/div>\n\t\t\t\t<div class=\"premium-person-info\">\n\t\t\t\t\t\t\t\t<div class=\"premium-person-info-container\">\n\t\t\t\t\t\t\t\t\t<h2 class=\"premium-person-name\">Laura Gleue<\/h2>\t\t\t\t\t\t\t\t\t\t<h4 class=\"premium-person-title\">\n\t\t\t\t\t\t\t<span>B\u00fcrokraft<\/span>\n\t\t\t\t\t\t<\/h4>\n\t\t\t\t\t\t\t\t\t\t\t<div class=\"premium-person-content\">\n\t\t\t\t\t\t\t<p>Zust\u00e4ndig f\u00fcr die Buchhaltung, Organisation<\/p>\t\t\t\t\t\t<\/div>\n\t\t\t\t\t\t\t\t<\/div>\n\t\t\t\t\t\t\t<\/div>\n\t\t\t<\/div>\n\t\t\t\t\t\t<\/div>\n\t\t\t\t\t\t<\/div>\n\t\t\t\t<\/div>\n\t\t\t\t<\/div>\n\t\t<div class=\"elementor-element elementor-element-4381c34 e-con-full e-flex e-con e-child\" data-id=\"4381c34\" data-element_type=\"container\">\n\t\t\t\t<\/div>\n\t\t<div class=\"elementor-element elementor-element-ee96739 e-con-full e-flex e-con e-child\" data-id=\"ee96739\" data-element_type=\"container\">\n\t\t\t\t<div class=\"elementor-element elementor-element-796af87 elementor-widget elementor-widget-premium-addon-person\" data-id=\"796af87\" data-element_type=\"widget\" data-widget_type=\"premium-addon-person.default\">\n\t\t\t\t<div class=\"elementor-widget-container\">\n\t\t\t\t\t\t\t<div class=\"premium-persons-container premium-person-style2\">\n\t\t\t\t\t\t<div class=\"premium-person-container premium-person-zoomin-effect\">\n\n\t\t\t\t<div class=\"premium-person-image-container\">\n\t\t\t\t\t<img loading=\"lazy\" decoding=\"async\" width=\"1024\" height=\"1024\" src=\"https:\/\/kp-hausverwaltung.de\/wp-content\/uploads\/2025\/07\/Chrisitiane.jpeg\" class=\"attachment-full size-full wp-image-152\" alt=\"\" srcset=\"https:\/\/kp-hausverwaltung.de\/wp-content\/uploads\/2025\/07\/Chrisitiane.jpeg 1024w, https:\/\/kp-hausverwaltung.de\/wp-content\/uploads\/2025\/07\/Chrisitiane-300x300.jpeg 300w, https:\/\/kp-hausverwaltung.de\/wp-content\/uploads\/2025\/07\/Chrisitiane-150x150.jpeg 150w, https:\/\/kp-hausverwaltung.de\/wp-content\/uploads\/2025\/07\/Chrisitiane-768x768.jpeg 768w\" sizes=\"(max-width: 1024px) 100vw, 1024px\" \/>\n\t\t\t\t\t\t\t\t\t\t\t<div class=\"premium-person-social\">\n\t\t\t\t\t\t\t<ul class=\"premium-person-social-list\">\t\t\t\t<li class=\"elementor-icon premium-person-list-item premium-person-mail\">\n\t\t\t\t\t<a href=\"\" target=\"_blank\">\n\t\t\t\t\t\t<i class=\"fa fa-envelope\"><\/i>\n\t\t\t\t\t<\/a>\n\t\t\t\t<\/li>\n\t\t\t\t<\/ul>\t\t\t\t\t\t<\/div>\n\t\t\t\t\t\t\t\t\t<\/div>\n\t\t\t\t<div class=\"premium-person-info\">\n\t\t\t\t\t\t\t\t<div class=\"premium-person-info-container\">\n\t\t\t\t\t\t\t\t\t<h2 class=\"premium-person-name\">Christiane Koenemann<\/h2>\t\t\t\t\t\t\t\t\t\t<h4 class=\"premium-person-title\">\n\t\t\t\t\t\t\t<span>B\u00fcrokraft<\/span>\n\t\t\t\t\t\t<\/h4>\n\t\t\t\t\t\t\t\t\t\t\t<div class=\"premium-person-content\">\n\t\t\t\t\t\t\t<p>Zust\u00e4ndig f\u00fcr Buchhaltung und Organisation<\/p>\t\t\t\t\t\t<\/div>\n\t\t\t\t\t\t\t\t<\/div>\n\t\t\t\t\t\t\t<\/div>\n\t\t\t<\/div>\n\t\t\t\t\t\t<\/div>\n\t\t\t\t\t\t<\/div>\n\t\t\t\t<\/div>\n\t\t\t\t<\/div>\n\t\t\t\t\t<\/div>\n\t\t\t\t<\/div>\n\t\t\t\t<\/div>\n\t\t","protected":false},"excerpt":{"rendered":"<p>Unser Team Pers\u00f6nlich. Kompetent. L\u00f6sungsorientiert. Engagiert und pers\u00f6nlich f\u00fcr Sie da Hinter der Koenemann &amp; P\u00fcttcher Hausverwaltung GmbH steht ein erfahrenes, eingespieltes Team, das sich mit Fachwissen, Einsatzfreude und einem offenen Ohr um Ihre Anliegen k\u00fcmmert. Ob WEG-Verwaltung, Mietmanagement oder Sondereigentumsbetreuung \u2013 wir arbeiten l\u00f6sungsorientiert, transparent und mit einem hohen Anspruch an Servicequalit\u00e4t. Unsere Mitarbeiterinnen [&hellip;]<\/p>\n","protected":false},"author":1,"featured_media":0,"parent":0,"menu_order":0,"comment_status":"closed","ping_status":"closed","template":"","meta":{"content-type":"","footnotes":""},"class_list":["post-67","page","type-page","status-publish","hentry"],"_links":{"self":[{"href":"https:\/\/kp-hausverwaltung.de\/index.php?rest_route=\/wp\/v2\/pages\/67","targetHints":{"allow":["GET"]}}],"collection":[{"href":"https:\/\/kp-hausverwaltung.de\/index.php?rest_route=\/wp\/v2\/pages"}],"about":[{"href":"https:\/\/kp-hausverwaltung.de\/index.php?rest_route=\/wp\/v2\/types\/page"}],"author":[{"embeddable":true,"href":"https:\/\/kp-hausverwaltung.de\/index.php?rest_route=\/wp\/v2\/users\/1"}],"replies":[{"embeddable":true,"href":"https:\/\/kp-hausverwaltung.de\/index.php?rest_route=%2Fwp%2Fv2%2Fcomments&post=67"}],"version-history":[{"count":15,"href":"https:\/\/kp-hausverwaltung.de\/index.php?rest_route=\/wp\/v2\/pages\/67\/revisions"}],"predecessor-version":[{"id":166,"href":"https:\/\/kp-hausverwaltung.de\/index.php?rest_route=\/wp\/v2\/pages\/67\/revisions\/166"}],"wp:attachment":[{"href":"https:\/\/kp-hausverwaltung.de\/index.php?rest_route=%2Fwp%2Fv2%2Fmedia&parent=67"}],"curies":[{"name":"wp","href":"https:\/\/api.w.org\/{rel}","templated":true}]}}